{"id":5037,"date":"2025-03-29T09:03:17","date_gmt":"2025-03-29T09:03:17","guid":{"rendered":"https:\/\/chouricos.pt\/?page_id=5037"},"modified":"2025-11-18T06:41:53","modified_gmt":"2025-11-18T06:41:53","slug":"envio","status":"publish","type":"page","link":"https:\/\/casadalpalhao.pt\/mercado\/envio\/","title":{"rendered":"Envio"},"content":{"rendered":"\n<h2 class=\"wp-block-heading\">Modalidades de envio<\/h2>\n\n\n\n<p>As encomendas s\u00e3o enviadas por Correio Registado (CTT). Ap\u00f3s o envio, os clientes receber\u00e3o por email o n\u00famero de registo da sua encomenda, podendo utilizar o servi\u00e7o online dos CTT para a localizar, seguindo assim todo o processo da entrega em tempo real.<\/p>\n\n\n\n<h2 class=\"wp-block-heading\">Despesas de envio<\/h2>\n\n\n\n<p>As despesas de envio s\u00e3o calculadas em fun\u00e7\u00e3o do peso dos artigos apresentadas no checkout.<\/p>\n\n\n\n<h2 class=\"wp-block-heading\">Prazos de entrega<\/h2>\n\n\n\n<p>As encomendas s\u00e3o expedidas diariamente de segunda a sexta-feira, sendo normalmente enviadas no dia seguinte \u00e0quele em que o respetivo pagamento \u00e9 recebido.<br>Em Portugal Continental, os envios registados demoram em geral um ou dois dias \u00fateis a ser entregues.<br>Para o estrangeiro, os tempos de entrega dos envios registados n\u00e3o costumam ser superiores a uma semana (Europa) ou duas (resto do mundo). Fora da&nbsp;Uni\u00e3o Europeia, estes prazos podem ser afetados pelos controlos aduaneiros.<\/p>\n\n\n\n<h2 class=\"wp-block-heading\">Garantia de entrega<\/h2>\n\n\n\n<p>No caso de extravio de envios registados, o <strong><strong><strong><strong>Mercado Alpalhoeiro<\/strong><\/strong><\/strong><\/strong> compromete-se reembolsar o cliente no valor total da sua encomenda ou a enviar a encomenda se o cliente assim quiser.<\/p>\n\n\n\n<p>O cliente \u00e9 respons\u00e1vel por acompanhar a sua encomenda com o n\u00famero de registo fornecido e por assegurar o contato com a transportadora para garantir a entrega. No caso de a encomenda ser devolvida ao remetente por impossibilidade de entrega, o reenvio s\u00f3 ser\u00e1 feito mediante novo pagamento das despesas de envio.<\/p>\n\n\n\n<h2 class=\"wp-block-heading\">Rutura de stock<\/h2>\n\n\n\n<p>Os clientes ser\u00e3o reembolsados na totalidade do montante dos artigos que n\u00e3o lhes possam ser enviados por motivo de rutura de stock.<\/p>\n","protected":false},"excerpt":{"rendered":"<p>Modalidades de envio As encomendas s\u00e3o enviadas por Correio Registado (CTT). Ap\u00f3s o envio, os clientes receber\u00e3o por email o&#8230;<\/p>\n","protected":false},"author":1,"featured_media":0,"parent":0,"menu_order":14,"comment_status":"closed","ping_status":"closed","template":"","meta":{"footnotes":""},"class_list":["post-5037","page","type-page","status-publish","hentry"],"yoast_head":"<!-- This site is optimized with the Yoast SEO plugin v27.5 - https:\/\/yoast.com\/product\/yoast-seo-wordpress\/ -->\n<title>Envio - Orgulho Alpalhoeiro<\/title>\n<meta name=\"robots\" content=\"index, follow, max-snippet:-1, max-image-preview:large, max-video-preview:-1\" \/>\n<link rel=\"canonical\" href=\"https:\/\/casadalpalhao.pt\/mercado\/envio\/\" \/>\n<meta property=\"og:locale\" content=\"pt_PT\" \/>\n<meta property=\"og:type\" content=\"article\" \/>\n<meta property=\"og:title\" content=\"Envio - Orgulho Alpalhoeiro\" \/>\n<meta property=\"og:description\" content=\"Modalidades de envio As encomendas s\u00e3o enviadas por Correio Registado (CTT). Ap\u00f3s o envio, os clientes receber\u00e3o por email o...\" \/>\n<meta property=\"og:url\" content=\"https:\/\/casadalpalhao.pt\/mercado\/envio\/\" \/>\n<meta property=\"og:site_name\" content=\"Orgulho Alpalhoeiro\" \/>\n<meta property=\"article:modified_time\" content=\"2025-11-18T06:41:53+00:00\" \/>\n<meta name=\"twitter:card\" content=\"summary_large_image\" \/>\n<meta name=\"twitter:label1\" content=\"Tempo estimado de leitura\" \/>\n\t<meta name=\"twitter:data1\" content=\"2 minutos\" \/>\n<script type=\"application\/ld+json\" class=\"yoast-schema-graph\">{\"@context\":\"https:\\\/\\\/schema.org\",\"@graph\":[{\"@type\":\"WebPage\",\"@id\":\"https:\\\/\\\/casadalpalhao.pt\\\/mercado\\\/envio\\\/\",\"url\":\"https:\\\/\\\/casadalpalhao.pt\\\/mercado\\\/envio\\\/\",\"name\":\"Envio - Orgulho Alpalhoeiro\",\"isPartOf\":{\"@id\":\"https:\\\/\\\/casadalpalhao.pt\\\/mercado\\\/#website\"},\"datePublished\":\"2025-03-29T09:03:17+00:00\",\"dateModified\":\"2025-11-18T06:41:53+00:00\",\"breadcrumb\":{\"@id\":\"https:\\\/\\\/casadalpalhao.pt\\\/mercado\\\/envio\\\/#breadcrumb\"},\"inLanguage\":\"pt-PT\",\"potentialAction\":[{\"@type\":\"ReadAction\",\"target\":[\"https:\\\/\\\/casadalpalhao.pt\\\/mercado\\\/envio\\\/\"]}]},{\"@type\":\"BreadcrumbList\",\"@id\":\"https:\\\/\\\/casadalpalhao.pt\\\/mercado\\\/envio\\\/#breadcrumb\",\"itemListElement\":[{\"@type\":\"ListItem\",\"position\":1,\"name\":\"In\u00edcio\",\"item\":\"https:\\\/\\\/casadalpalhao.pt\\\/mercado\\\/\"},{\"@type\":\"ListItem\",\"position\":2,\"name\":\"Envio\"}]},{\"@type\":\"WebSite\",\"@id\":\"https:\\\/\\\/casadalpalhao.pt\\\/mercado\\\/#website\",\"url\":\"https:\\\/\\\/casadalpalhao.pt\\\/mercado\\\/\",\"name\":\"Orgulho Alpalhoeiro\",\"description\":\"Sereno. Simples. Vivido e Partilhado.\",\"publisher\":{\"@id\":\"https:\\\/\\\/casadalpalhao.pt\\\/mercado\\\/#organization\"},\"potentialAction\":[{\"@type\":\"SearchAction\",\"target\":{\"@type\":\"EntryPoint\",\"urlTemplate\":\"https:\\\/\\\/casadalpalhao.pt\\\/mercado\\\/?s={search_term_string}\"},\"query-input\":{\"@type\":\"PropertyValueSpecification\",\"valueRequired\":true,\"valueName\":\"search_term_string\"}}],\"inLanguage\":\"pt-PT\"},{\"@type\":\"Organization\",\"@id\":\"https:\\\/\\\/casadalpalhao.pt\\\/mercado\\\/#organization\",\"name\":\"Orgulho Alpalhoeiro\",\"url\":\"https:\\\/\\\/casadalpalhao.pt\\\/mercado\\\/\",\"logo\":{\"@type\":\"ImageObject\",\"inLanguage\":\"pt-PT\",\"@id\":\"https:\\\/\\\/casadalpalhao.pt\\\/mercado\\\/#\\\/schema\\\/logo\\\/image\\\/\",\"url\":\"https:\\\/\\\/casadalpalhao.pt\\\/mercado\\\/wp-content\\\/uploads\\\/sites\\\/2\\\/2026\\\/03\\\/orgulhoalpalhoeiro.png\",\"contentUrl\":\"https:\\\/\\\/casadalpalhao.pt\\\/mercado\\\/wp-content\\\/uploads\\\/sites\\\/2\\\/2026\\\/03\\\/orgulhoalpalhoeiro.png\",\"width\":1880,\"height\":440,\"caption\":\"Orgulho Alpalhoeiro\"},\"image\":{\"@id\":\"https:\\\/\\\/casadalpalhao.pt\\\/mercado\\\/#\\\/schema\\\/logo\\\/image\\\/\"}}]}<\/script>\n<!-- \/ Yoast SEO plugin. -->","yoast_head_json":{"title":"Envio - Orgulho Alpalhoeiro","robots":{"index":"index","follow":"follow","max-snippet":"max-snippet:-1","max-image-preview":"max-image-preview:large","max-video-preview":"max-video-preview:-1"},"canonical":"https:\/\/casadalpalhao.pt\/mercado\/envio\/","og_locale":"pt_PT","og_type":"article","og_title":"Envio - Orgulho Alpalhoeiro","og_description":"Modalidades de envio As encomendas s\u00e3o enviadas por Correio Registado (CTT). Ap\u00f3s o envio, os clientes receber\u00e3o por email o...","og_url":"https:\/\/casadalpalhao.pt\/mercado\/envio\/","og_site_name":"Orgulho Alpalhoeiro","article_modified_time":"2025-11-18T06:41:53+00:00","twitter_card":"summary_large_image","twitter_misc":{"Tempo estimado de leitura":"2 minutos"},"schema":{"@context":"https:\/\/schema.org","@graph":[{"@type":"WebPage","@id":"https:\/\/casadalpalhao.pt\/mercado\/envio\/","url":"https:\/\/casadalpalhao.pt\/mercado\/envio\/","name":"Envio - Orgulho Alpalhoeiro","isPartOf":{"@id":"https:\/\/casadalpalhao.pt\/mercado\/#website"},"datePublished":"2025-03-29T09:03:17+00:00","dateModified":"2025-11-18T06:41:53+00:00","breadcrumb":{"@id":"https:\/\/casadalpalhao.pt\/mercado\/envio\/#breadcrumb"},"inLanguage":"pt-PT","potentialAction":[{"@type":"ReadAction","target":["https:\/\/casadalpalhao.pt\/mercado\/envio\/"]}]},{"@type":"BreadcrumbList","@id":"https:\/\/casadalpalhao.pt\/mercado\/envio\/#breadcrumb","itemListElement":[{"@type":"ListItem","position":1,"name":"In\u00edcio","item":"https:\/\/casadalpalhao.pt\/mercado\/"},{"@type":"ListItem","position":2,"name":"Envio"}]},{"@type":"WebSite","@id":"https:\/\/casadalpalhao.pt\/mercado\/#website","url":"https:\/\/casadalpalhao.pt\/mercado\/","name":"Orgulho Alpalhoeiro","description":"Sereno. Simples. Vivido e Partilhado.","publisher":{"@id":"https:\/\/casadalpalhao.pt\/mercado\/#organization"},"potentialAction":[{"@type":"SearchAction","target":{"@type":"EntryPoint","urlTemplate":"https:\/\/casadalpalhao.pt\/mercado\/?s={search_term_string}"},"query-input":{"@type":"PropertyValueSpecification","valueRequired":true,"valueName":"search_term_string"}}],"inLanguage":"pt-PT"},{"@type":"Organization","@id":"https:\/\/casadalpalhao.pt\/mercado\/#organization","name":"Orgulho Alpalhoeiro","url":"https:\/\/casadalpalhao.pt\/mercado\/","logo":{"@type":"ImageObject","inLanguage":"pt-PT","@id":"https:\/\/casadalpalhao.pt\/mercado\/#\/schema\/logo\/image\/","url":"https:\/\/casadalpalhao.pt\/mercado\/wp-content\/uploads\/sites\/2\/2026\/03\/orgulhoalpalhoeiro.png","contentUrl":"https:\/\/casadalpalhao.pt\/mercado\/wp-content\/uploads\/sites\/2\/2026\/03\/orgulhoalpalhoeiro.png","width":1880,"height":440,"caption":"Orgulho Alpalhoeiro"},"image":{"@id":"https:\/\/casadalpalhao.pt\/mercado\/#\/schema\/logo\/image\/"}}]}},"_links":{"self":[{"href":"https:\/\/casadalpalhao.pt\/mercado\/wp-json\/wp\/v2\/pages\/5037","targetHints":{"allow":["GET"]}}],"collection":[{"href":"https:\/\/casadalpalhao.pt\/mercado\/wp-json\/wp\/v2\/pages"}],"about":[{"href":"https:\/\/casadalpalhao.pt\/mercado\/wp-json\/wp\/v2\/types\/page"}],"author":[{"embeddable":true,"href":"https:\/\/casadalpalhao.pt\/mercado\/wp-json\/wp\/v2\/users\/1"}],"replies":[{"embeddable":true,"href":"https:\/\/casadalpalhao.pt\/mercado\/wp-json\/wp\/v2\/comments?post=5037"}],"version-history":[{"count":2,"href":"https:\/\/casadalpalhao.pt\/mercado\/wp-json\/wp\/v2\/pages\/5037\/revisions"}],"predecessor-version":[{"id":6967,"href":"https:\/\/casadalpalhao.pt\/mercado\/wp-json\/wp\/v2\/pages\/5037\/revisions\/6967"}],"wp:attachment":[{"href":"https:\/\/casadalpalhao.pt\/mercado\/wp-json\/wp\/v2\/media?parent=5037"}],"curies":[{"name":"wp","href":"https:\/\/api.w.org\/{rel}","templated":true}]}}